ase 12
b2b9
What is -13 (base 16) in base 9?
-21
What is 313 (base 4) in base 2?
110111
Convert 10000011 (base 2) to base 10.
131
What is 5d9 (base 14) in base 13?
6c1
What is -10100100101 (base 2) in base 6?
-10033
What is -22220 (base 3) in base 7?
-462
What is -19a5 (base 12) in base 15?
-dee
Convert 3580 (base 9) to base 11.
2002
Convert 1011200 (base 3) to base 8.
1527
What is 2166 (base 7) in base 13?
483
What is -11211 (base 4) in base 8?
-545
What is 1ab (base 16) in base 12?
2b7
-362 (base 8) to base 15
-112
-10156 (base 7) to base 14
-c9d
What is -805 (base 11) in base 15?
-44d
Convert -36cd (base 15) to base 8.
-26624
Convert 9c5c (base 15) to base 6.
413310
-7e4 (base 16) to base 15
-8ea
Convert 104354 (base 7) to base 9.
27165
-202121102 (base 3) to base 13
-6ab8
What is -854 (base 11) in base 10?
-1027
-333 (base 9) to base 10
-273
-620 (base 13) to base 15
-495
What is -bea (base 16) in base 2?
-101111101010
What is 1464 (base 8) in base 9?
1111
25132 (base 6) to base 7
13604
-22223 (base 4) to base 8
-1253
What is 1330 (base 6) in base 7?
666
What is -11221012 (base 3) in base 16?
-e0c
-6e0 (base 16) to base 8
-3340
-100003032 (base 4) to base 15
-1472c
-103131 (base 4) to base 2
-10011011101
Convert 510a (base 14) to base 11.
a510
-32212210 (base 4) to base 14
-17b24
1459 (base 14) to base 10
3607
Convert 907b (base 16) to base 13.
13ab2
-71073 (base 9) to base 6
-1000150
Convert -a4a7 (base 16) to base 12.
-20487
What is -42 (base 16) in base 9?
-73
Convert -556 (base 9) to base 10.
-456
Convert -24426 (base 8) to base 7.
-42444
23422 (base 5) to base 9
2340
111000100 (base 2) to base 11
381
Convert 1681 (base 10) to base 7.
4621
2a2 (base 14) to base 2
1000010110
Convert 4383 (base 10) to base 3.
20000100
What is 160 (base 13) in base 5?
1442
What is -1510 (base 7) in base 5?
-4340
-11ab5 (base 14) to base 5
-2341104
What is a23 (base 11) in base 8?
2323
Convert b90 (base 15) to base 5.
40420
Convert 15c (base 13) to base 8.
366
What is 2a6 (base 14) in base 7?
1366
4a2 (base 12) to base 14
37c
Convert 20b2 (base 12) to base 11.
2774
What is -8c3 (base 16) in base 8?
-4303
Convert 226 (base 11) to base 2.
100001110
Convert 1685 (base 9) to base 3.
1202212
Convert -2768 (base 11) to base 13.
-1828
-23112 (base 4) to base 3
-222220
What is 1c12 (base 13) in base 3?
12211001
-16620 (base 7) to base 2
-1001010011111
-21 (base 15) to base 4
-133
-77d (base 16) to base 5
-30132
541 (base 13) to base 15
3ed
What is -202122110 (base 3) in base 14?
-56b1
-1088 (base 9) to base 13
-4a3
What is -10110100101 (base 2) in base 4?
-112211
What is -25065 (base 7) in base 16?
-19a4
What is 5e8 (base 15) in base 3?
1211202
Convert -1482 (base 9) to base 7.
-3200
Convert bb2 (base 13) to base 6.
13140
-21044 (base 5) to base 8
-2567
Convert 30300 (base 5) to base 11.
1513
-9055 (base 12) to base 16
-3d01
Convert 1136b (base 14) to base 11.
2948a
What is 100101000 (base 2) in base 11?
24a
Convert -10062 (base 8) to base 9.
-5616
Convert 11046 (base 8) to base 10.
4646
What is -19915 (base 12) in base 3?
-1220120122
1552 (base 6) to base 15
1d8
What is 3c2 (base 13) in base 11?
555
Convert 13122 (base 9) to base 14.
3321
-102541 (base 7) to base 4
-10111213
What is 241 (base 9) in base 8?
307
Convert 1200212022 (base 3) to base 5.
2032214
1572 (base 16) to base 4
1111302
Convert -110001011 (base 2) to base 12.
-28b
What is 366 (base 12) in base 10?
510
What is -25314 (base 9) in base 12?
-9a27
Convert -200222 (base 3) to base 13.
-305
What is -21b49 (base 12) in base 9?
-67453
What is 24b5 (base 13) in base 4?
1101202
-106 (base 14) to base 6
-534
What is -5c6 (base 14) in base 9?
-1522
-341522 (base 7) to base 15
-12e6e
-1226 (base 8) to base 15
-2e2
Convert 36d6 (base 16) to base 12.
815a
What is 155450 (base 6) in base 4?
3302112
What is -41997 (base 10) in base 15?
-c69c
Convert 10332 (base 7) to base 11.
1a28
What is -11300 (base 5) in base 15?
-3a0
Convert -11c3 (base 13) to base 2.
-100111011101
What is 10212010100 (base 3) in base 7?
434205
What is bb0b (base 13) in base 6?
320313
Convert -1bb8 (base 12) to base 5.
-102302
ab5 (base 13) to base 12
1092
Convert 126 (base 15) to base 10.
261
Convert 110112 (base 4) to base 8.
2426
-111001000001 (base 2) to base 7
-13432
What is 1251 (base 9) in base 7?
2506
-202300 (base 5) to base 8
-14657
Convert 564 (base 10) to base 6.
2340
Convert 100233 (base 5) to base 16.
c79
Convert 6485 (base 9) to base 16.
12a7
Convert 4072 (base 9) to base 12.
1885
-2798 (base 10) to base 12
-1752
ed (base 16) to base 11
1a6
What is 161 (base 16) in base 2?
101100001
What is -3587 (base 10) in base 6?
-24335
What is 404 (base 8) in base 5?
2020
942 (base 14) to base 2
11100011110
Convert 2882 (base 10) to base 3.
10221202
Convert -193b (base 12) to base 10.
-3071
10010100 (base 2) to base 8
224
What is 2131 (base 6) in base 10?
487
What is -2877 (base 10) in base 15?
-cbc
-9661 (base 10) to base 12
-5711
-3b91 (base 13) to base 4
-2011320
3204 (base 9) to base 2
100100110001
What is -443 (base 9) in base 7?
-1026
Convert 31042 (base 5) to base 10.
2022
2020100 (base 3) to base 2
11001011101
-3143 (base 5) to base 16
-1a7
What is -30232 (base 4) in base 3?
-1010011
Convert -2188 (base 12) to base 8.
-7170
1283 (base 9) to base 8
1706
Convert -2120120 (base 3) to base 7.
-5322
-725 (base 8) to base 7
-1240
What is 5601 (base 11) in base 13?
348b
Convert -10774 (base 8) to base 11.
-3506
-27221 (base 8) to base 3
-121100112
-1221212 (base 3) to base 13
-85a
What is 16c (base 14) in base 16?
124
Convert -74741 (base 8) to base 9.
-46717
What is 2d87 (base 14) in base 7?
32530
Convert -220 (base 11) to base 2.
-100001000
What is -110222 (base 4) in base 5?
-20242
Convert 40315 (base 9) to base 2.
110011110000101
131250 (base 7) to base 3
1020120220
Convert -4e3 (base 15) to base 4.
-101121
-30d (base 15) to base 6
-3104
155714 (base 8) to base 3
2212012000
Convert 1b07 (base 14) to base 2.
1001100101011
-5c5 (base 13) to base 16
-3ee
-102321 (base 4) to base 16
-4b9
-22578 (base 11) to base 4
-13331322
Convert 220200 (base 6) to base 8.
43450
Convert 7373 (base 10) to base 4.
1303031
What is -b62a (base 12) in base 7?
-112015
-104004 (base 6) to base 11
-6549
346 (base 8) to base 3
22112
-11213013 (base 4) to base 12
-11373
120 (base 8) to base 6
212
What is -1574 (base 13) in base 6?
-22305
19 (base 11) to base 12
18
10 (base 4) to base 13
4
-2330 (base 4) to base 3
-20222
-527 (base 8) to base 2
-101010111
Convert -66b (base 12) to base 4.
-32303
Convert 33030 (base 5) to base 14.
b7b
What is -1000110100000 (base 2) in base 15?
-150c
Convert 1202122100 (base 3) to base 8.
103653
What is -1110031 (base 4) in base 14?
-1d6d
-26f (base 16) to base 9
-762
-21531 (base 6) to base 8
-5677
What is -12a5 (base 13) in base 11?
-2008
What is 100100010011110 (base 2) in base 4?
10202132
What is -23200 (base 4) in base 11?
-60a
What is 37913 (base 11) in base 4?
31101013
What is -542 (base 15) in base 6?
-5255
31 (base 16) to base 7
100
Convert 1869 (base 16) to base 2.
1100001101001
What is -1492 (base 16) in base 10?
-5266
What is 10a02 (base 12) in base 5?
1202203
Convert 271 (base 9) to base 14.
122
18b21 (base 15) to base 11
55227
-364 (base 9) to base 10
-301
-313342 (base 5) to base 15
-3182
What is -1010 (base 2) in base 12?
-a
-1247 (base 10) to base 12
-87b
1930 (base 12) to base 4
233310
Convert -4dd (base 16) to base 3.
-1201010
What is -26060 (base 8) in base 2?
-10110000110000
What is -1712 (base 12) in base 6?
-20422
Convert -1230221 (base 4) to base 7.
-26162
What is -2122220211 (base 3) in base 15?
-10804
2658 (base 14) to base 11
507a
3814 (base 12) to base 6
45224
556 (base 13) to base 7
2446
What is -100100000 (base 2) in base 10?
-288
What is 443 (base 15) in base 2?
1111000011
-1032 (base 6) to base 7
-455
What is -3456 (base 7) in base 10?
-1266
10554 (base 7) to base 9
3613
What is -8ac (base 16) in base 12?
-1350
What is -11430 (base 5) in base 15?
-3ca
What is -2698 (base 10) in base 9?
-3627
Convert -942 (base 10) to base 6.
-4210
Convert -1a34 (base 11) to base 5.
-40303
Convert 677 (base 9) to base 8.
1054
Convert -5745 (base 12) to base 14.
-376d
Convert a3a5 (base 11) to base 10.
13788
Conv